 y(l) = 2*l**2 - 11*l - 6. What is y(c)?
0
Let s(h) = h**3 + h**2 + 5*h + 5. Let l = -1372 - -1369. What is s(l)?
-28
Let o(u) be the third derivative of 0*u - 1/6*u**3 + 1/24*u**4 + 0 + 17*u**2. What is o(4)?
3
Let o(t) = -t**3 - 8*t**2 + 11*t + 20. Let i be o(-9). Let q(y) = -61 - i*y + 3*y + 0*y + 55. Let m be 2/4 - (-22)/4. Determine q(m).
0
Suppose 3*l - 4*v = -19, 3*l + 11 = v + 4. Let u be l*(-10)/4*2. Let a(t) = 6*t + u + 5 - 2 - 1 + t**2. Determine a(-6).
7
Let m(v) = v**2 - v - 4. Let u be 6 - (-12)/((-4)/1). Let d be 1 + 1 + -5 - u/(-1). Determine m(d).
-4
Let d be 4082/785 - (-4)/5. Let c(v) be the third derivative of -v**6/120 + 7*v**5/60 - v**4/12 + v**2. What is c(d)?
24
Let n(c) = -c**3 + 10*c**2 + 10*c + 13. Let w = 241 + -230. Calculate n(w).
2
Let d(r) = r**3 - 6*r**2 + 5*r - 7. Suppose -b - 90 = -19*b. Calculate d(b).
-7
Let y(q) = -2*q**3 + q - 1. Let m(g) = 2*g**2 + 2*g + 8. Let r be m(-3). Suppose 7*b - 2*b = -r. Let x be b/22 + (-260)/143. What is y(x)?
13
Let z(u) be the first derivative of -1/3*u**3 - 7/2*u**2 + u - 4. Let n(j) = -j**2 - j - 5. Let b be n(0). Give z(b).
11
Let l(z) be the first derivative of z**6/180 - z**4/12 - 5*z**3/3 + 29. Let p(w) be the third derivative of l(w). Suppose -4*h + 7*h = 6. Determine p(h).
6
Let l = 23 - 14. Let c be (-1 - -3)/(l/27). Let p(z) = -z**3 + 6*z**2 + 7. Determine p(c).
7
Let k(l) = -12*l - 2. Let c(a) = -22*a - 3. Let p(d) = 3*c(d) - 5*k(d). Let h(u) = u**2 + 5*u - 1. Let y be h(-5). Calculate p(y).
7
Let d(b) be the third derivative of -5*b**4/12 + 3*b**3/2 - 3*b**2 + 10. Determine d(3).
-21
Suppose -5*q - 9 = -2*m + 4, 4*m = 4*q - 4. Let p be 4/m*1*3. Let y(z) = 10*z + 1. Let r(u) = -7*u - 1. Let b(x) = 7*r(x) + 5*y(x). Give b(p).
-4
Let n(s) be the third derivative of s**4/24 - 2*s**3/3 + 58*s**2 - 1. What is n(3)?
-1
Let x(k) = -k**2 + k + 1. Let h = -12 + -11. Let p = h - -26. Suppose -p*m + 8 = m. Give x(m).
-1
Let m(t) be the second derivative of 0 - 1/12*t**4 + 2*t**2 + 2*t + 7/6*t**3. Let u be (-16)/(-12)*63/12. Determine m(u).
4
Let z(p) = 1 - 4*p + 47*p - 18*p - 23*p. Let h = -1 + 0. Let o(j) = -2*j**2 - 2*j - 1. Let k be o(h). Determine z(k).
-1
Let g(q) = -10*q**2 - q**3 - 8*q + 5*q**3 - 5*q**3 - 4. Suppose -153*u - 136*u - 2313 = -32*u. What is g(u)?
-13
Let g = -4 - -6. Let b(h) = 1. Let p(y) = -1. Let m(s) = -5*b(s) - 6*p(s). Let k(w) = 2*w - 2. Let i(q) = k(q) + 4*m(q). What is i(g)?
6
Let u(b) = 2*b - 3. Let q(p) = -p + 3. Let z(l) = -6*q(l) - 5*u(l). Calculate z(-4).
13
Let r = 636 + -640. Let f(a) = -2*a - 8. Determine f(r).
0
Let f be 0/(-3) + (-3 - (3 + -9)). Let w(k) = -103*k - 1 + k**3 + 4 + 105*k + 4*k**2 + 0*k**f. Determine w(-4).
-5
Let n(o) = 3*o**2 - 2*o. Let g be n(3). Suppose -h - g = 2*h - 4*r, -5*r + 15 = 0. Let c(a) = a - a + 2*a. Give c(h).
-6
Let s(p) = 6*p**2 + 26*p + 26. Let m(r) = 4*r**2 + 17*r + 17. Let y(x) = 8*m(x) - 5*s(x). Let b = -12 - -8. What is y(b)?
14
Let c(t) = t**2 - 2*t + 1. Let m(w) = 6*w**2 - 14*w + 8. Let b(g) = -5*c(g) + m(g). Suppose 0 = -2*y - 3*y + 3*i + 12, y + 5*i = 8. Give b(y).
0
Suppose 0 = -3*o - 5*g - 18, -2*o + 1 - 13 = 4*g. Let m(q) = 2*q + 1. Let p(r) = -6*r - 4. Let f(l) = 8*m(l) + 3*p(l). Calculate f(o).
8
Let o(h) = h**3 - 6*h**2 - 11*h - 7. Let g(t) = 4*t + 1. Let l(j) = -11*j - 3. Let b(n) = -8*g(n) - 3*l(n). Let x(c) = -4*b(c) - o(c). Give x(7).
3
Let d(x) = 4*x**3 - 5. Let o(c) = -5*c**3 + 4. Let q(i) = -i**3 - 10*i**2 - i - 14. Let p be q(-10). Let j(l) = p*d(l) - 3*o(l). What is j(0)?
8
Let m(s) = 1. Let j(h) = h**2 + h - 22. Let n(k) = -j(k) - 4*m(k). Let y = -20288 + 20288. Calculate n(y).
18
Suppose -6*f + 15 = -3*f. Let k(g) = -g**3 + 6*g**2 - 11*g + 4. Let o(a) = a. Let z(h) = k(h) + 6*o(h). Determine z(f).
4
Let t = 13 - -23. Suppose -8 = 2*x, -5*k + t = -x - 3*x. Let y(f) = f**2 - 5*f + 5. Calculate y(k).
1
Let y(c) be the second derivative of -c**4/12 + c**3/2 - c**2 + 37*c. Determine y(2).
0
Let y(l) = l + 5. Let m be y(0). Suppose m = 7*a - 2*a. Let z(h) = -5*h**2 + 0*h**2 - 6*h**2 + 1. Give z(a).
-10
Suppose 1 = r - 3. Let u(d) be the third derivative of -d**6/120 + d**5/12 - 5*d**4/24 + 145*d**2. Give u(r).
-4
Let j(b) = b**3 - 11*b**2 - 13*b + 12. Suppose -6 = -d + 6. Let z be j(d). Let m(y) = 5*y**2 + 14 + y**3 - 2*y**2 - 7*y**2 - 2*y**2 + 5*y**2. What is m(z)?
14
Let b(p) = 5*p**3 + 21*p**2 - 2*p - 37. Let d(l) = 2*l**3 + 10*l**2 - l - 17. Let m(j) = -3*b(j) + 7*d(j). Determine m(7).
-15
Let g be 3*(-1)/(6/(-8)). Let y(f) = -50*f - 40. Let n(o) = 88*o + 69. Let c(a) = -4*n(a) - 7*y(a). What is c(g)?
-4
Let l(n) = -13*n - 2. Let m = 2021 - 2019. What is l(m)?
-28
Let i(h) = -h**2 - 8*h + 6. Let r(y) = y**2 - 6*y - 14. Let l = -74 - -81. Let p be r(l). Give i(p).
13
Let v(p) = -p - 2. Suppose -2*f = z - 39, 21 = -3*z + 4*z - 4*f. Suppose 4*s + s - 2*j = z, -s = 2*j - 9. Calculate v(s).
-9
Let g(l) be the second derivative of -1/12*l**4 + l**3 + 32*l + 0 - 3/2*l**2. Give g(2).
5
Let d be 124/(-12) - (-14)/(-21). Let l(j) = -j**2 - 9*j + 13. What is l(d)?
-9
Suppose -4*d - 18 = -2*x, 5*x + d = 4*d + 80. Let a be (x + -7)*(-3)/6. Let k(j) be the third derivative of j**5/60 + j**4/3 + j**3 + 4*j**2. What is k(a)?
-6
Suppose -d + 2*o - 10 = 0, 3*o - 6*o + 12 = 0. Let i(f) = -2*f - 1. Let c be i(d). Let l(s) = -s**2 + 4. What is l(c)?
-5
Let f(p) = p**3 + 16*p**2 - 18*p - 16. Let m(w) = w**2 - 10*w + 7. Let b be m(4). Let j be f(b). Let h(x) = -2*x. Calculate h(j).
-2
Let p be (-4)/8*-4*1. Suppose 0 = -5*w + 2*s, -p*w + 3*s - 11 = -0*w. Let n(x) = 3 + x - x**2 + 2 - 4 + 0*x**w. Calculate n(2).
-1
Suppose -4*n + 224 = 4*o, o - 68 = -n - 3*o. Let h be (-2 + n/8 - 0)*-2. Let l(i) = i**2 + 7*i - 12. What is l(h)?
6
Let f(m) = -m**2 - 9*m - 22. Let y be f(-6). Let s(v) = -5 + 4*v + 0*v - 6*v. Determine s(y).
3
Let v(a) = -a**3 - 4*a**2 - 3*a - 6. Let k(m) = -m**2 + 5*m + 2. Let x = -83 + 59. Let j = -18 - x. Let c be k(j). Determine v(c).
6
Let n be 19/133 - 40/(-14). Let k(y) = -y**2 + 3*y. Calculate k(n).
0
Let n be -12 + (2 - (4 - 8)). Let j(i) be the third derivative of -i**4/24 - i**3 - 2*i**2. What is j(n)?
0
Let f be (46 - 47)/((-2)/4). Let r(o) = -o**3 - 4*o**2 + 6*o + 2. Give r(f).
-10
Suppose 0 = -5*n + 119 - 124. Let r(l) = -l**3 + 1 + 0*l**2 + 2*l + 4*l**3 + 2*l**2. Calculate r(n).
-2
Let s(z) = -5*z**2 - z. Let g(u) = 0*u - 7 + u - 2. Let m be 6*((-16)/3)/(-4). Let d be g(m). Give s(d).
-4
Let f(p) = 2*p + 8. Suppose 3*v - 17 = -35. Let y be f(v). Let i(c) = 3*c + 3*c - 3 - 7*c + 8. What is i(y)?
9
Let k(a) = -a**2 - 6*a - 2. Let q = 13 - 9. Suppose -3*v + 2*i - 6 = 0, v - i - 1 = -q. Suppose -m - 4 = -v*m. What is k(m)?
6
Let i(w) = -w - 5. Let v = -10 - 0. Give i(v).
5
Let m(k) be the second derivative of k**5/10 + 3*k**4/4 - 7*k**3/6 - k**2/2 + 9*k - 14. Give m(-5).
9
Let k(b) = b - 7. Let m(u) = -u + 6. Let o(f) = -3*k(f) - 4*m(f). Let w be (2 - 4)*(0 + -2). Let r = 0 + w. Give o(r).
1
Let s(a) = -14*a**3 + 2*a**2 + 2*a + 1. Let v(j) = j**2 - 17*j + 26. Let f be v(16). Suppose -7*x - f = -3*x - 2*l, -10 = -2*x - 4*l. Give s(x).
15
Let a(y) = -y**2 + 4*y + 10. Suppose -228 = 67*b - 10*b. What is a(b)?
-22
Let p(y) be the first derivative of -y**3/3 - y**2 + 4*y - 1005. Suppose 5*q = -13 - 2. Calculate p(q).
1
Let d(v) = 4*v**3 + 2*v - 1. Let s(u) = -u**3 - 13*u**2 + u + 7. Let a be s(-13). Let y be a/4*8/12. Let l(c) = -c. Let f be l(y). What is d(f)?
5
Suppose m = 15 - 14. Let j(l) = l**2 + l. Let k(c) = -2*c**2 + 2*c + 2. Let s(y) = m*k(y) + 3*j(y). What is s(-3)?
-4
Suppose 0 = -5*m + 5*p + 65, 0 = 3*m - 5*p - 35. Let j(b) = -b**2 + 14*b + 13. Determine j(m).
-2
Let y(k) be the first derivative of -k**2/2 + 6*k - 291. Calculate y(6).
0
Let l = 6 + -10. Let q(n) = -n**3 - 3*n**2 + 4*n. Let a be q(l). Let m(g) = 0 + a*g**2 + 3 + g**2 - 2*g - 6. Give m(5).
12
Let c(s) = s + 4. Let l be c(-4). Let j(f) be the second derivative of -f**3/6 - 3*f**2/2 + 4690*f. Determine j(l).
-3
Let c(h) = 3*h + 3. Let t(o) = o**3 - 11*o**2 - 12*o + 7. Let s be t(12). Let l = 11 - 7. Suppose 5*p - 2*k + l = -s, 5*k = -p - 13. Calculate c(p).
-6
Let p be 3*(-14)/6*-1. Let j(a) = 12 - 14 - p*a + 6*a**2 + 8 - a**3. Calculate j(4).
10
Let k(h) = -h**2 - 7*h - 6. Let g be k(-9). Let o = g - -25. 